 thousands digit of 112811?
1
What is the thousands digit of 5385?
5
What is the ten thousands digit of 19563?
1
What is the thousands digit of 2008?
2
What is the hundreds digit of 8262?
2
What is the thousands digit of 1993?
1
What is the units digit of 49639?
9
What is the tens digit of 96?
9
What is the thousands digit of 8059?
8
What is the thousands digit of 3608?
3
What is the hundreds digit of 34702?
7
What is the hundreds digit of 61065?
0
What is the tens digit of 5367?
6
What is the thousands digit of 70379?
0
What is the units digit of 25396?
6
What is the thousands digit of 57887?
7
What is the tens digit of 1781?
8
What is the tens digit of 3993?
9
What is the hundreds digit of 14562?
5
What is the hundreds digit of 841?
8
What is the units digit of 10027?
7
What is the ten thousands digit of 45473?
4
What is the hundreds digit of 6256?
2
What is the tens digit of 8090?
9
What is the thousands digit of 8457?
8
What is the units digit of 1938?
8
What is the hundreds digit of 33208?
2
What is the tens digit of 52607?
0
What is the hundreds digit of 11455?
4
What is the thousands digit of 1306?
1
What is the hundreds digit of 8826?
8
What is the thousands digit of 3656?
3
What is the tens digit of 88564?
6
What is the tens digit of 684?
8
What is the thousands digit of 1119?
1
What is the tens digit of 2842?
4
What is the tens digit of 7108?
0
What is the thousands digit of 2606?
2
What is the units digit of 5?
5
What is the units digit of 7427?
7
What is the thousands digit of 41985?
1
What is the hundreds digit of 23824?
8
What is the thousands digit of 9878?
9
What is the tens digit of 8830?
3
What is the units digit of 20537?
7
What is the hundreds digit of 2424?
4
What is the units digit of 3205?
5
What is the tens digit of 9771?
7
What is the tens digit of 57474?
7
What is the thousands digit of 1297?
1
What is the tens digit of 986?
8
What is the thousands digit of 16175?
6
What is the hundreds digit of 80146?
1
What is the thousands digit of 3682?
3
What is the thousands digit of 7183?
7
What is the hundreds digit of 8005?
0
What is the hundreds digit of 187888?
8
What is the tens digit of 34145?
4
What is the thousands digit of 2352?
2
What is the ten thousands digit of 161900?
6
What is the tens digit of 283?
8
What is the thousands digit of 16025?
6
What is the thousands digit of 13212?
3
What is the tens digit of 518?
1
What is the tens digit of 2247?
4
What is the ten thousands digit of 25792?
2
What is the tens digit of 25035?
3
What is the hundreds digit of 129985?
9
What is the units digit of 5381?
1
What is the ten thousands digit of 30683?
3
What is the tens digit of 288?
8
What is the ten thousands digit of 16027?
1
What is the tens digit of 1978?
7
What is the tens digit of 44384?
8
What is the thousands digit of 21038?
1
What is the units digit of 1278?
8
What is the tens digit of 5071?
7
What is the hundreds digit of 8924?
9
What is the hundreds digit of 2218?
2
What is the tens digit of 330?
3
What is the hundreds digit of 61597?
5
What is the thousands digit of 9321?
9
What is the tens digit of 12891?
9
What is the thousands digit of 19172?
9
What is the units digit of 313?
3
What is the ten thousands digit of 10020?
1
What is the thousands digit of 1135?
1
What is the hundreds digit of 115278?
2
What is the thousands digit of 11910?
1
What is the thousands digit of 3344?
3
What is the tens digit of 927?
2
What is the units digit of 2272?
2
What is the hundreds digit of 184?
1
What is the units digit of 963?
3
What is the thousands digit of 6924?
6
What is the hundreds digit of 83088?
0
What is the hundred thousands digit of 182295?
1
What is the units digit of 41842?
2
What is the units digit of 684?
4
What is the hundred thousands digit of 126180?
1
What is the thousands digit of 20473?
0
What is the units digit of 1821?
1
What is the tens digit of 5997?
9
What is the tens digit of 5968?
6
What is the thousands digit of 6708?
6
What is the hundreds digit of 5213?
2
What is the hundreds digit of 602?
6
What is the units digit of 167?
7
What is the units digit of 951?
1
What is the tens digit of 11693?
9
What is the hundreds digit of 7509?
5
What is the units digit of 29233?
3
What is the thousands digit of 30377?
0
What is the units digit of 2913?
3
What is the hundreds digit of 9013?
0
What is the hundreds digit of 40173?
1
What is the tens digit of 65694?
9
What is the ten thousands digit of 131499?
3
What is the units digit of 95364?
4
What is the units digit of 743?
3
What is the thousands digit of 25312?
5
What is the tens digit of 1143?
4
What is the units digit of 1470?
0
What is the thousands digit of 16856?
6
What is the hundreds digit of 7740?
7
What is the hundreds digit of 151078?
0
What is the thousands digit of 1889?
1
What is the thousands digit of 1307?
1
What is the tens digit of 83495?
9
What is the units digit of 5467?
7
What is the units digit of 36599?
9
What is the tens digit of 39432?
3
What is the hundreds digit of 20774?
7
What is the units digit of 122665?
5
What is the thousands digit of 3414?
3
What is the tens digit of 583?
8
What is the units digit of 9257?
7
What is the hundreds digit of 107064?
0
What is the units digit of 42991?
1
What is the units digit of 7706?
6
What is the thousands digit of 34263?
4
What is the hundreds digit of 971?
9
What is the units digit of 1007?
7
What is the tens digit of 4629?
2
What is the tens digit of 5774?
7
What is the hundreds digit of 601?
6
What is the hundreds digit of 2277?
2
What is the units digit of 543?
3
What is the hundreds digit of 1242?
2
What is the tens digit of 2639?
3
What is the hundreds digit of 189?
1
What is the hundreds digit of 50007?
0
What is the tens digit of 1672?
7
What is the units digit of 3919?
9
What is the units digit of 72022?
2
What is the hundreds digit of 1697?
6
What is the ten thousands digit of 32820?
3
What is the ten thousands digit of 53755?
5
What is the tens digit of 6907?
0
What is the hundreds digit of 2340?
3
What is the tens digit of 137?
3
What is the units digit of 12155?
5
What is the units digit of 1668?
8
What is the tens digit of 2113?
1
What is the units digit of 2639?
9
What is the units digit of 786?
6
What is the thousands digit of 20737?
0
What is the units digit of 1812?
2
What is the tens digit of 27022?
2
What is the tens digit of 1326?
2
What is the thousands digit of 1000?
1
What is the units digit of 16319?
9
What is the hundreds digit of 240?
2
What is the thousands digit of 30169?
0
What is the ten thousands digit of 24644?
2
What is the hundreds digit of 2383?
3
What is the hundreds digit of 5364?
3
What is the tens digit of 1293?
9
What is the thousands digit of 14754?
4
What is the hundreds digit of 13054?
0
What is the units digit of 9559?
9
What is the units digit of 2756?
6
What is the units digit of 471?
1
What is the hundreds digit of 341?
3
What is the tens digit of 595?
9
What is the tens digit of 6176?
7
What is the thousands digit of 16439?
6
What is the hundreds digit of 41012?
0
What is the hundreds digit of 25245?
2
What is the units digit of 590?
0
What is the units digit of 60525?
5
What is the hundred thousands digit of 106270?
1
What is the tens digit of 2270?
7
What is the tens digit of 784?
8
What is the hundreds digit of 41152?
1
What is the tens digit of 726?
2
What is the thousands digit of 1685?
1
What is the units digit of 1629?
9
What is the hundreds digit of 12166?
1
What is the tens digit of 1259?
5
What is the units digit of 17339?
9
What is the tens digit of 854?
5
What is the hundreds digit of 128811?
8
What is the tens digit of 8327?
2
What is the hundreds digit of 423?
4
What is the units digit of 3561?
1
What is the units digit of 90860?
0
What is the tens digit of 5088?
8
What is the thousands digit of 15729?
5
What is the thousands digit of 9721?
9
What is the thousands digit of 35894?
5
What is the units digit of 1328?
8
What is the hundreds digit of 16755?
7
What is the ten thousands digit of 70125?
7
What is the units digit of 6516?
6
What is the hundreds digit of 67412?
4
What is the hundreds digit of 4699?
6
What is the units digit of 66625?
5
What is the tens digit of 45962?
6
What is the hundreds digit of 2621?
6
What is the u